tors of n.
2, 7
Suppose -838 = -6*z + 410. What are the prime factors of z?
2, 13
Let t(m) = -m**3 + 7*m**2 - 5*m - 4. Let x be t(6). Suppose x*l - l - 30 = 0. Suppose -4*j + l + 25 = 5*d, -5*j = 0. List the prime factors of d.
11
Let v be 2/8 + (-3)/(-4). Suppose 5*f = -h + 18, h + 0*f + 10 = 2*f. Let l = v - h. What are the prime factors of l?
3
Suppose -2 = 5*k - 6*k. List the prime factors of k.
2
Let x = -241 + 483. What are the prime factors of x?
2, 11
Suppose -173 = -5*z + 2. List the prime factors of z.
5, 7
Suppose r = -o + 3, 0 = o - 3*r + 6*r - 5. Suppose 0*g + o*g + i = 13, 4*g - i = 11. What are the prime factors of (3 - 0) + g/4?
2
Let l = -11 + 11. Let o = l + 10. List the prime factors of o.
2, 5
Let x be (-24)/(-16)*40/6. What are the prime factors of 5/25 + 98/x?
2, 5
Suppose 19 + 21 = -2*s. Let d = s + 35. List the prime factors of d.
3, 5
Let i(c) = -c**2 - 4*c - 1. Suppose -7 = -4*u - 19. Let s be i(u). Suppose -s*n - 3*m + 0*m = -8, -n = -m - 14. What are the prime factors of n?
2, 5
Let z(d) = -2*d - 3. Let f be z(-3). Suppose f*q = 2*q + 12. List the prime factors of q + 1 + -1*3.
2, 5
Let v be (1 - 0)*5/1. Let m = v - 0. What are the prime factors of m?
5
Let a(o) = o**2 + 4*o - 4. Let p be a(-5). List the prime factors of ((-12)/(-9))/(p/6).
2
Suppose -2*w = -3*w + 5. List the prime factors of w.
5
Suppose -5*o + 95 = -0*o. What are the prime factors of o?
19
Let j(m) = -m**3 - 7*m**2 - 6*m - 4. Let c be j(-6). Let z(a) = -a**2 - 2*a + 1. Let p be z(-4). Let v = c - p. What are the prime factors of v?
3
Let q = 8 + -3. Let l(i) be the first derivative of i**3/3 - 2*i**2 - 3*i - 4. List the prime factors of l(q).
2
Let a = 8 + -5. Suppose -2*z = -6*m + a*m + 2, 3*m + 1 = -z. Suppose m*u - u + 3 = 0. List the prime factors of u.
3
Let k(q) = -q + 2. Let i(z) = -z + 1. Let r(x) = 8*i(x) - 5*k(x). List the prime factors of r(-6).
2
Let z = 1 + -1. Suppose 2*t - 31 = -3*h + 18, z = -h - 2*t + 23. List the prime factors of h.
13
Let q(t) = 2*t + 5. Let g = 10 - 5. Suppose -5*d + g = 3*f - 12, -2*f = -3*d - 5. What are the prime factors of q(f)?
13
Let r(o) be the first derivative of -o**2/2 + o - 2. Let s be r(-7). Suppose 4*t + 4*d = -s, 3*t + t - 4*d = 32. List the prime factors of t.
3
Suppose -5*z + 3*k = -6, -2 = -7*z + 2*z + k. Suppose -5*r + 3*r = z. Suppose r = -4*i - u + 53, -4*u + 21 = i - 11. List the prime factors of i.
2, 3
Suppose -3*f = z - 27, f = -4*z - 0*f + 141. What are the prime factors of z?
2, 3
Let u be (2/(-5))/(3/555). Let v = 112 + u. List the prime factors of v.
2, 19
List the prime factors of (-1)/5 - (-622)/10.
2, 31
Suppose 0*x = -2*x. Suppose -5*s = -15 - x. Suppose 0*p + 15 = s*p. What are the prime factors of p?
5
Let f(l) = -l**3 + 4*l**2 - 2*l - 2. Let k be f(2). List the prime factors of (-5)/(k - (-10)/(-4)).
2, 5
Let h = 95 + -51. What are the prime factors of h?
2, 11
Let q be (-3)/4 + 9/12. Let o = q + 12. List the prime factors of o.
2, 3
Let q(n) = n**3 + 9*n**2 - 1 - 2 + 4 - n. Let k = 29 + -38. List the prime factors of q(k).
2, 5
List the prime factors of (-4*(-5)/16)/(1/108).
3, 5
Suppose 8 = -2*o, l + o = -2*o - 8. Suppose 0 = 2*g + 5*p - 9, -4 = -4*g + l*p - 0*p. What are the prime factors of g?
2
Let i be 3/(-1)*8/(-6). Suppose 5*h - i*c - 20 = -0, 2*c - 8 = -2*h. List the prime factors of (1 - h*3)*-1.
11
Let c(b) = -2*b - 2. Let t be c(-3). Suppose 0 = -2*a - 8, -t*s + 16 = -0*s + a. Suppose -s*h = -h - 68. What are the prime factors of h?
17
Let b be (-6)/9*(-5 + -1). Let g(i) = -i**3 + 6*i**2 - 7*i + 6. What are the prime factors of g(b)?
2, 5
Let j = 70 - 42. What are the prime factors of j?
2, 7
Let j(l) = 5*l - 11. List the prime factors of j(10).
3, 13
What are the prime factors of (-3 + (-204)/8)*-2?
3, 19
Let b(d) = 3*d - 1. Let m be b(4). Suppose g - m = -t, 0*g - 18 = -3*t + 2*g. Suppose 3*u = t*u - 45. What are the prime factors of u?
3
Suppose -3*k - 2*s + 416 = 0, 0*s + 8 = -4*s. What are the prime factors of k?
2, 5, 7
Let g = -4 + 7. Suppose 3*o - 33 = -5*s, 0 = -2*o - g*o + 5. What are the prime factors of 10/s - 3/(-9)?
2
Let t(u) = -u**2 - 7*u - 6. Suppose -2*i - 16 = 4*w - 6*i, -4*w - 21 = i. Let g be t(w). Suppose -5*l + 46 = -g. What are the prime factors of l?
2, 5
Suppose -2*v + 3 + 20 = -a, -4*a = -v + 1. What are the prime factors of v?
13
What are the prime factors of (1 + 60)/(2/4)?
2, 61
Let h(y) = y**2 + 4*y - 5. Let v be h(-5). Suppose -4*t = -2*w + 72, v = w + 4*w + 2*t - 180. List the prime factors of w.
2, 3
Let a be 4*1*(-9)/(-12). Suppose n + a*n = 8. List the prime factors of (-2 + 0)/(n/(-11)).
11
Suppose -2*c = -4*c + 158. What are the prime factors of c?
79
Suppose 0*n - 18 = -n. Suppose 0 = 4*x + 5*r - 0*r - n, 2 = -2*x + 3*r. List the prime factors of 21/1*x/6.
7
Let p(b) = b**3 - 7*b**2 + 8*b - 2. Let m(f) = -f**3 - f**2 + f + 6. Let j be m(0). What are the prime factors of p(j)?
2, 5
Let u = 257 - 183. List the prime factors of u.
2, 37
Let n(a) = a**3 - 9*a**2 - 10*a + 5. List the prime factors of n(10).
5
Suppose 0*g - 3*g = -5*m + 239, -101 = -2*m + 3*g. Let y = m + 14. What are the prime factors of y?
2, 3, 5
Let q = -18 + 21. List the prime factors of q.
3
Suppose 0 = -2*k + 283 + 531. What are the prime factors of k?
11, 37
Suppose 4*y - 132 = 4*q, -q + 5*q + 162 = 5*y. Let l be (y/12)/((-1)/(-4)). Suppose -2*c - 3*c + l = 0. What are the prime factors of c?
2
What are the prime factors of ((-190)/3)/(16/(-24)) - -3?
2, 7
Let h(y) = -y**2 + y + 17. Let r be h(0). Suppose 2*a - 7 = r. What are the prime factors of a?
2, 3
Let i = -19 + 21. Suppose i*u - 2*h - 41 - 49 = 0, 3*h = 4*u - 178. List the prime factors of u.
43
Let p(k) = -k**2 + 1. Let q be 6/(-10) + 6/(-15). Let f(t) = -t**2 - 7*t + 4. Let d(h) = q*f(h) + 2*p(h). What are the prime factors of d(5)?
2
Let m = 36 - 27. What are the prime factors of m?
3
Let d = 3 - 1. Suppose 0*o = d*o. Suppose o*y = y - 9. What are the prime factors of y?
3
Let m be 3/(-4) + (-2)/8. Let a be 0 + 32 - (m + 2). Suppose -5*v + 9 = -a. List the prime factors of v.
2
Suppose -s + 11 = 2*s + b, 2*b - 19 = -5*s. Suppose 2*m - 3 - 5 = 5*j, -s*m + 4*j + 12 = 0. What are the prime factors of m?
2
Suppose 2*q + 5 = -9. Let a(k) = k**3 + 8*k**2 + 5*k. What are the prime factors of a(q)?
2, 7
Suppose -9*k = -11*k + 88. List the prime factors of k.
2, 11
Let j(u) = -u**3 + 4*u**2 + 11*u + 1. List the prime factors of j(-5).
3, 19
Let b be (1 - 10)*(-3)/9. Let g = -6 + b. Let d(p) = 3*p**2 + 4*p - 1. List the prime factors of d(g).
2, 7
Let v(a) = a**2 + 9*a - 8. Let p be v(-10). Let g be 259/(-28) + p/8. What are the prime factors of -1 - (g - (-3 + 1))?
2, 3
Suppose -3*q = 2*h - 31, -q - 15 = -5*h + 4*q. Let a(w) = 2*w + w**2 - w + 0*w - h*w**3 + 1. What are the prime factors of a(-1)?
3
Suppose -95 = -44*i + 39*i. List the prime factors of i.
19
Let f be 2 - (1 + 0 - 35). Suppose -6*y + 2*y = -f. What are the prime factors of y?
3
Suppose 59 = 2*n - 3. What are the prime factors of n?
31
List the prime factors of (-260)/(-8) + 2/(-4).
2
Suppose 3*u = 3*k - 8 - 28, -5*u - 5*k - 30 = 0. Let p be 30/u*(-108)/5. Suppose 5*g + 0*a = -3*a + 68, -4*g + p = -2*a. List the prime factors of g.
2
Let s = -148 + 211. What are the prime factors of s?
3, 7
Let d(u) = -u**3 - 7*u**2 - 5*u + 10. Let n be d(-6). Suppose -3*t - 2*b + 98 = 0, -n*t = -t - 3*b - 78. What are the prime factors of t?
2, 3, 5
Suppose 0 = 3*j + w - 65, 4*j - 2*w = 3*j + 24. What are the prime factors of j?
2, 11
Suppose -l + 4*v = -5, -2 = 3*l - 2*v + 3. Let k(z) = -4*z**2 + z + 1. Let g be k(l). Let w = -24 - g. List the prime factors of w.
2, 7
Let g(n) = -n**2 - 9*n - 10. Let q be g(-7). What are the prime factors of 222/30 + q/(-10)?
7
Let y be 150/8 + (-8)/(-32). Let z(x) = x**3 + 9*x**2 - 11*x. Let d be z(-10). Let h = y - d. What are the prime factors of h?
3
Suppose 175 - 34 = 3*s - 5*g, -s - 2*g + 58 = 0. What are the prime factors of s?
2, 13
Let s = 33 + -15. List the prime factors of s.
2, 3
Let b(l) = l**2 - 8*l - 2. Let i be b(9). Let f = 11 - i. Suppose f*c - 32 = -0*c. List the prime factors of c.
2
Suppose -y = o - 85, -2*o + 57 = y - 108. What are the prime factors of o?
2, 5
Suppose 2*w + 4*h + 0*h - 92 = 0, -2